4 - 2015151?
-2015133
In base 13, what is 7 - -3c67918?
3c67922
In base 13, what is 3699 + 3b1?
3a7a
In base 13, what is 22553ba + -3?
22553b7
In base 11, what is -5 - 249089?
-249093
In base 8, what is -107667756 + -5?
-107667763
In base 8, what is -322121626 - 13?
-322121641
In base 10, what is -394708 - -4?
-394704
In base 16, what is 20a + -daa1?
-d897
In base 5, what is -2 - 10233042203?
-10233042210
In base 6, what is 20123 - 434?
15245
In base 7, what is 12233 - 2206?
10024
In base 3, what is 1121200010210200 + 12?
1121200010210212
In base 6, what is 4 - -152202150?
152202154
In base 6, what is 22523244131 - 10?
22523244121
In base 14, what is 9d5 + 1d465?
2005a
In base 7, what is -65455354 - -2?
-65455352
In base 15, what is -7b0e2ae + -8?
-7b0e2b7
In base 9, what is -22377208 - -5?
-22377203
In base 11, what is 1 + -57701a3?
-57701a2
In base 10, what is 33 - 767154?
-767121
In base 9, what is 2 + 128116640?
128116642
In base 15, what is 270c782 + 3?
270c785
In base 9, what is 183 - -42765?
43058
In base 6, what is -1 - -10422133?
10422132
In base 5, what is 12 - -2110432430?
2110432442
In base 5, what is -3 + -20121341032?
-20121341040
In base 2, what is 100101010100101111110111 - -101?
100101010100101111111100
In base 8, what is -6 - -11460400?
11460372
In base 6, what is 102323 - -521?
103244
In base 13, what is 3040 + -59a?
2773
In base 13, what is -441569 - 5?
-441571
In base 4, what is 12 + 111100231122?
111100231200
In base 14, what is 46890 - 19c?
466d2
In base 11, what is -121128 + -13?
-121140
In base 3, what is 10 - -1001012001011?
1001012001021
In base 13, what is -178469 - -75?
-1783c4
In base 4, what is -1120001 + 233312333?
232132332
In base 6, what is -4121300 - -3?
-4121253
In base 5, what is -424111113 + -102?
-424111220
In base 10, what is -756200 - 19?
-756219
In base 14, what is 168d35 - 30?
168d05
In base 2, what is 11011000010111001110 - 10100100?
11011000010100101010
In base 2, what is 101001 + 11001111011001?
11010000000010
In base 15, what is -4e008 + 1dc?
-4dd1b
In base 12, what is 2872 + -5756?
-2aa4
In base 13, what is 12 - 3655839?
-3655827
In base 12, what is -36a89957 + -5?
-36a89960
In base 3, what is -122210222011 - -2211001?
-122201011010
In base 6, what is -1054 - 52200432?
-52201530
In base 12, what is 9352364 + 2?
9352366
In base 10, what is -109655075 + -5?
-109655080
In base 11, what is -60197 - -776?
-5a521
In base 12, what is b6 + 560080?
560176
In base 2, what is -10111001 - -11001110110000?
11001011110111
In base 12, what is 170b887b + -4?
170b8877
In base 3, what is 12 - -102220111002220011?
102220111002220100
In base 3, what is 0 - -222000221210011?
222000221210011
In base 2, what is 10110000101 - -10000101101?
100110110010
In base 11, what is -1442a1 - -140?
-144161
In base 13, what is 3 + -2c1c44?
-2c1c41
In base 12, what is -48422 + -127?
-48549
In base 9, what is 6 - -54633433?
54633440
In base 2, what is -101100111000 + 100010001111?
-1010101001
In base 13, what is -7 - 14cbc8?
-14cc02
In base 2, what is 110110110010100010010101 + -10?
110110110010100010010011
In base 11, what is 2535457 + -5?
2535452
In base 6, what is -32 - -34015105?
34015033
In base 4, what is 203013 + 30?
203103
In base 11, what is -4 + -3027403?
-3027407
In base 14, what is b431 - -381?
b7b2
In base 14, what is 8bc + 11d31?
1280d
In base 6, what is 2352423 + -11324?
2341055
In base 8, what is -6 + -473425?
-473433
In base 10, what is 11 + 3196581?
3196592
In base 3, what is 110012211220220 + -2200?
110012211211020
In base 8, what is 1 - -620276?
620277
In base 6, what is 4255043354 - -3?
4255043401
In base 3, what is -11 - 20020121120200?
-20020121120211
In base 11, what is 125 + 633013?
633138
In base 6, what is -1 - 15011445422?
-15011445423
In base 5, what is -201420434 + -3000?
-201423434
In base 2, what is -101010100001100 + 110000100110?
-100100011100110
In base 10, what is -3 - 6830858?
-6830861
In base 6, what is 124025 - 4543?
115042
In base 14, what is -66c + -79?
-707
In base 6, what is -52011 - -23320?
-24251
In base 4, what is -103011 + -220132?
-323203
In base 13, what is 954797c + 6?
9547985
In base 12, what is 74 + -9831?
-9779
In base 4, what is 121021 - -2330300?
3111321
In base 7, what is -56140000 + -2?
-56140002
In base 2, what is -10 + 1110001100111100000011?
1110001100111100000001
In base 14, what is 1bbb8 - 272?
1b946
In base 13, what is 6870263 - -5?
6870268
In base 10, what is -4128 - -1899?
-2229
In base 6, what is 1140023325 - -11?
1140023340
In base 16, what is 72e - cb1?
-583
In base 9, what is 524413105 + 4?
524413110
In base 5, what is -210 - 10114004?
-10114214
In base 3, what is -101021110220102001 - 10?
-101021110220102011
In base 6, what is 24243542 + -1302?
24242240
In base 5, what is 24310030020 + -33?
24310024432
In base 7, what is 36612131322 + 5?
36612131330
In base 9, what is -244 - -433480?
433235
In base 12, what is -2666986 - 0?
-2666986
In base 9, what is -1 - -586544760?
586544758
In base 7, what is 4620232004 + 1?
4620232005
In base 14, what is -58 - 3d46c?
-3d4c6
In base 8, what is 400315232 + 0?
400315232
In base 9, what is 31 - -10642407?
10642438
In base 13, what is a - 26493?
-26486
In base 16, what is -7 + -62e552?
-62e559
In base 8, what is 304 + 4153612?
4154116
In base 3, what is -111100 - 121000121?
-121111221
In base 9, what is 40626 + -228?
40387
In base 5, what is 1013433220 - 0?
1013433220
In base 13, what is 66b - -8c04?
9572
In base 5, what is -111310233003 - 1?
-111310233004
In base 7, what is -1342422 - -5034?
-1334355
In base 8, what is -11 + 24260?
24247
In base 9, what is 105 + 46540?
46645
In base 13, what is 2 + 26429806?
26429808
In base 11, what is 110a5539a + 4?
110a553a3
In base 6, what is -100103115 - 14?
-100103133
In base 10, what is -3 - 2707190?
-2707193
In base 13, what is 8a6b + 291?
902c
In base 16, what is b73 + 1681?
21f4
In base 3, what is 1022120101200020 - -1?
1022120101200021
In base 4, what is 3213202 + 2320?
3222122
In base 6, what is -123032 - 2424?
-125500
In base 5, what is 201031100 + -131?
201030414
In base 6, what is 155122312310 + 1?
155122312311
In base 3, what is -200 - 220210021121022?
-220210021121222
In base 14, what is 22c82 + d?
22c91
In base 14, what is -c + -a6117b?
-a61189
In base 10, what is 341357044 - 2?
341357042
In base 3, what is -112121210122212 + 2?
-112121210122210
In base 3, what is -101 - -11100000122110?
11100000122002
In base 5, what is 111 + 400123?
400234
In base 16, what is -15c03 - 2f8?
-15efb
In base 7, what is -522240 + 14?
-522223
In base 15, what is 23bcc79 - -3?
23bcc7c
In base 12, what is 23b76 - 66?
23b10
In base 3, what is 1020010 + 1221001022?
1222021102
In base 2, what is -101011110111100100101010 - 1?
-101011110111100100101011
In base 2, what is 0 - 1011010111110110111100011100?
-1011010111110110111100011100
In base 4, what is 301 + -312111130?
-312110223
In base 12, what is -99 - -3b878?
3b79b
In base 2, what is -111010100101101010011 + 10?
-111010100101101010001
In base 14, what is 0 + a092d1?
a092d1
In base 10, what is 467327 + -24?
467303
In base 2, what is 1000 + -100010000100011100000?
-100010000100011011000
In base 6, what is 42313 + 412512?
455225
In base 6, what is -10232300 - -1415?
-10230441
In base 3, what is 2112110 - -1201202200?
1211022010
In base 10, what is -103 - -99343?
99240
In base 9, what is 411216 - 2?
411214
In base 11, what is -23 + 247020?
246aa8
In base 6, what is 13021225 + -4523?
13012302
In base 3, what is -1021121 + -110012001?
-111110122
In base 15, what is 23 - -a2492?
a24b5
In base 14, what is aa5bc - -62b?
aac09
In base 9, what is 306 - -446607?
447014
In base 15, what is 6 - -e6839?
e6840
In base 2, what is 1110101001010101010 - -11011?
1110101001011000101
In base 8, what is 343112 + 2067?
345201
In base 16, what is 7289 - -6dd?
7966
In base 16, what is 11fa + -457?
da3
In base 16, what is -1118d02 + -1?
-1118d03
In base 13, what is 19b1735 + -17?
19b171b
In base 11, what is 462 - 5117?
-4765
In base 6, what is 401 + -5125013?
-5124212
In base 15, what is -1129 - -14dce?
13ca5
In base 7, what is -4 + 21064552?
21064545
In base 4, what is 210231103 - -302320?
211200023
In base 8, what is -104 + -1405741?
-1406045
In base 4, what is 31122203